 8184?
True
Is 340 a multiple of 10?
True
Is 157 a multiple of 23?
False
Does 105 divide 20462?
False
Is 16023 a multiple of 109?
True
Is 16 a factor of 4064?
True
Does 26 divide 1508?
True
Does 7 divide 13779?
False
Is 8960 a multiple of 16?
True
Does 25 divide 14216?
False
Is 93 a multiple of 30?
False
Is 50 a factor of 4025?
False
Is 62 a factor of 2852?
True
Is 4 a factor of 36502?
False
Does 4 divide 8064?
True
Is 648 a multiple of 54?
True
Is 84 a factor of 30878?
False
Is 1001 a multiple of 12?
False
Does 17 divide 1217?
False
Does 79 divide 26764?
False
Is 23 a factor of 491?
False
Is 7 a factor of 2403?
False
Does 22 divide 3758?
False
Is 8 a factor of 389?
False
Does 30 divide 7830?
True
Is 120 a factor of 351?
False
Is 15 a factor of 5025?
True
Is 2632 a multiple of 28?
True
Does 13 divide 728?
True
Is 24391 a multiple of 13?
False
Does 96 divide 1098?
False
Does 29 divide 1844?
False
Is 129 a factor of 13287?
True
Is 12792 a multiple of 52?
True
Is 6507 a multiple of 71?
False
Is 143 a factor of 1001?
True
Is 1319 a multiple of 14?
False
Is 3552 a multiple of 37?
True
Does 4 divide 1634?
False
Is 20688 a multiple of 4?
True
Is 19 a factor of 203?
False
Is 10 a factor of 2560?
True
Does 17 divide 759?
False
Does 57 divide 16323?
False
Is 244 a multiple of 61?
True
Does 13 divide 196?
False
Does 14 divide 165128?
False
Is 33 a factor of 114?
False
Is 864 a multiple of 18?
True
Is 2325 a multiple of 25?
True
Does 155 divide 24494?
False
Is 7098 a multiple of 6?
True
Is 8 a factor of 616?
True
Does 14 divide 550?
False
Is 11 a factor of 422?
False
Is 2113 a multiple of 16?
False
Is 52884 a multiple of 6?
True
Is 702 a multiple of 39?
True
Is 8 a factor of 1033?
False
Is 284 a multiple of 7?
False
Is 18 a factor of 3185?
False
Is 34 a factor of 1632?
True
Does 84 divide 4776?
False
Does 33 divide 36762?
True
Is 9 a factor of 506?
False
Is 14 a factor of 756?
True
Is 1464 a multiple of 12?
True
Does 10 divide 14170?
True
Is 664 a multiple of 8?
True
Is 416 a multiple of 16?
True
Is 317 a multiple of 2?
False
Is 87 a factor of 6797?
False
Does 14 divide 1251?
False
Does 12 divide 1140?
True
Is 1187 a multiple of 49?
False
Is 7712 a multiple of 32?
True
Is 900 a multiple of 60?
True
Is 60 a factor of 7006?
False
Is 1404 a multiple of 26?
True
Is 49389 a multiple of 101?
True
Is 35 a factor of 3277?
False
Is 765 a multiple of 14?
False
Does 40 divide 84?
False
Is 126 a multiple of 14?
True
Is 18 a factor of 1544?
False
Is 1089 a multiple of 11?
True
Is 1656 a multiple of 72?
True
Does 25 divide 71062?
False
Is 37 a factor of 18574?
True
Is 1304 a multiple of 46?
False
Is 6 a factor of 876?
True
Does 37 divide 1103?
False
Is 756 a multiple of 18?
True
Is 18 a factor of 10799?
False
Is 3 a factor of 635?
False
Is 131 a multiple of 2?
False
Does 24 divide 23405?
False
Is 48 a multiple of 16?
True
Is 57 a factor of 17716?
False
Is 4 a factor of 110?
False
Is 8 a factor of 3822?
False
Is 48 even?
True
Is 3 a factor of 8535?
True
Is 14 a factor of 1528?
False
Does 11 divide 223?
False
Is 5074 even?
True
Is 442 a multiple of 16?
False
Is 3 a factor of 2666?
False
Does 39 divide 78663?
True
Is 8 a factor of 11862?
False
Does 5 divide 3518?
False
Is 8 even?
True
Is 12605 a multiple of 8?
False
Is 4 a factor of 12?
True
Is 311 a factor of 24945?
False
Is 736 a multiple of 7?
False
Is 7 a factor of 46368?
True
Does 6 divide 52461?
False
Is 169260 a multiple of 420?
True
Is 6 a factor of 324?
True
Is 45 a factor of 3015?
True
Is 13 a factor of 479?
False
Does 9 divide 32420?
False
Does 19 divide 58368?
True
Does 9 divide 3428?
False
Is 123 a factor of 6642?
True
Does 15 divide 1185?
True
Is 29325 a multiple of 51?
True
Is 35 a factor of 5985?
True
Is 1079 a multiple of 37?
False
Is 8438 a multiple of 36?
False
Is 3 a factor of 862?
False
Is 56608 a multiple of 244?
True
Does 43 divide 775?
False
Is 12 a factor of 13488?
True
Is 418 a multiple of 11?
True
Does 11 divide 24519?
True
Is 14479 a multiple of 177?
False
Is 5 a factor of 80?
True
Is 11 a factor of 1859?
True
Does 17 divide 133564?
False
Is 65 a factor of 1447?
False
Is 7401 a multiple of 49?
False
Is 154 a multiple of 14?
True
Is 114 a multiple of 5?
False
Does 23 divide 345?
True
Does 16 divide 4880?
True
Is 8 a factor of 1353?
False
Is 31 a factor of 714?
False
Is 1054 a multiple of 31?
True
Is 30 a multiple of 2?
True
Does 79 divide 14220?
True
Is 11 a factor of 891?
True
Does 3 divide 627?
True
Is 9 a factor of 170?
False
Is 243 a factor of 42388?
False
Does 3 divide 588?
True
Is 66 a factor of 62436?
True
Is 5852 a multiple of 19?
True
Does 79 divide 11297?
True
Is 137 even?
False
Does 5 divide 116?
False
Does 4 divide 192?
True
Is 97 a factor of 12818?
False
Does 14 divide 571?
False
Is 24 a factor of 432?
True
Is 33 a factor of 3056?
False
Does 25 divide 5268?
False
Is 760 a multiple of 22?
False
Does 17 divide 3548?
False
Is 1274 a multiple of 14?
True
Is 3726 a multiple of 46?
True
Is 17899 a multiple of 71?
False
Is 3 a factor of 13997?
False
Does 15 divide 1859?
False
Does 40 divide 10360?
True
Is 3668 a multiple of 28?
True
Is 7011 a multiple of 123?
True
Does 5 divide 16351?
False
Is 10411 a multiple of 29?
True
Does 58 divide 12324?
False
Is 59484 a multiple of 140?
False
Is 1417 a multiple of 57?
False
Does 6 divide 603?
False
Does 34 divide 10653?
False
Is 14 a factor of 742?
True
Does 41 divide 14473?
True
Is 8 a factor of 2034?
False
Is 128 a multiple of 6?
False
Is 242 a multiple of 6?
False
Is 315 a multiple of 18?
False
Is 46585 a multiple of 121?
True
Does 56 divide 3215?
False
Is 12607 a multiple of 92?
False
Is 87 a factor of 6960?
True
Does 19 divide 152?
True
Is 1660 a multiple of 10?
True
Does 8 divide 272?
True
Is 15 a factor of 2822?
False
Is 12100 a multiple of 110?
True
Is 45 a factor of 68490?
True
Is 15792 a multiple of 94?
True
Does 89 divide 4600?
False
Does 71 divide 1065?
True
Is 2660 a multiple of 6?
False
Does 48 divide 5424?
True
Does 77 divide 1014?
False
Is 19 a factor of 4327?
False
Is 54888 a multiple of 24?
True
Does 14 divide 962?
False
Does 14 divide 994?
True
Is 35 a factor of 766?
False
Is 528 a multiple of 16?
True
Does 18 divide 44298?
True
Does 5 divide 2929?
False
Is 229 a multiple of 5?
False
Is 13 a factor of 155463?
False
Does 13 divide 9347?
True
Is 4 a factor of 400?
True
Is 34 a factor of 905?
False
Is 38090 a multiple of 5?
True
Is 89 a factor of 1478?
False
Is 20 a factor of 880?
True
Is 266 a factor of 68362?
True
Is 18 a factor of 102438?
True
Does 99 divide 58014?
True
Does 19 divide 475?
True
Does 12 divide 10908?
True
Is 1044 a multiple of 60?
False
Does 38 divide 111948?
True
Does 8 divide 76?
False
Is 4 a factor of 324?
True
Does 60 divide 818?
False
Is 221 a multiple of 6?
False
Does 55 divide 19635?
True
Is 337 a multiple of 38?
False
Does 16 divide 24028?
False
Does 151 divide 19414?
False
Is 14 a factor of 8486?
False
Is 337 a multiple of 3?
False
Does 27 divide 378?
True
Is 540 a multiple of 18?
True
Is 91 a factor of 36946?
True
Is 22 a factor of 2772?
True
Is 126 a factor of 13482?
True
Is 45 a factor of 495?
True
Is 38038 a multiple of 7?
True
Is 1724 a multiple of 22?
False
Does 8 divide 1724?
False
Is 72 a factor of 169?
False
Is 81 a multiple of 9?
True
Is 27960 a multiple of 16?
False
Is 113 a factor of 9318?
False
Is 4891 a multiple of 23?
False
Is 647 a multiple of 7?
False
Is 49812 a multiple of 28?
True
Does 74 divide 32338?
True
Does 14 divide 110?
False
Does 15 divide 55?
False
Does 65 divide 398?
False
Does 4 divide 393?
False
Is 62 a factor of 772?
False
Does 6 divide 3132?
True
Is 693 a multiple of 11?
True
Is 17 a factor of 5002?
False
Is 6815 a multiple of 48?
False
Is 684 a multiple of 38?
True
Is 21 a factor of 693?
True
Is 25758 a multiple of 54?
True
Does 10 divide 130?
True
Is 19426 a multiple of 11?
True
Is 234 a factor of 13733?
False
Is 2310 a multiple of 10?
True
Is 4 a factor of 137?
False
Is 46 a factor of 15916?
True
Is 20 a factor of 26320?
True
Does 11 divide 2035?
True
Is 97 a factor of 8849?
False
Is 1692 a multiple of 8?
False
Is 121 a multiple of 9?
False
Does 55 divide 20735?
True
Is 775 a multiple of 11?
False
Is 12 a factor of 1560?
True
Is 128 a factor of 51328?
True
Is 99 a f